{"id":17636,"date":"2023-06-01T12:28:35","date_gmt":"2023-06-01T10:28:35","guid":{"rendered":"https:\/\/boutique-carnac.fr\/?page_id=17636"},"modified":"2023-06-01T17:26:48","modified_gmt":"2023-06-01T15:26:48","slug":"magasin-a-carnac","status":"publish","type":"page","link":"https:\/\/boutique-carnac.fr\/","title":{"rendered":"Magasin \u00e0 Carnac"},"content":{"rendered":"\n<div class=\"wp-block-columns is-layout-flex wp-container-core-columns-is-layout-9d6595d7 wp-block-columns-is-layout-flex\">\n<div class=\"wp-block-column is-layout-flow wp-block-column-is-layout-flow\">\n<figure class=\"wp-block-image size-large\"><a href=\"https:\/\/boutique-carnac.fr\/index.php\/vetements-marins-et-autres\/\"><img loading=\"lazy\" decoding=\"async\" width=\"1024\" height=\"1024\" src=\"http:\/\/boutique-carnac.fr\/wp-content\/uploads\/2023\/04\/1-V\u00eatements marins-1024x1024.png\" alt=\"V\u00eatements marins\" class=\"wp-image-17326\" srcset=\"https:\/\/boutique-carnac.fr\/wp-content\/uploads\/2023\/04\/1-V\u00eatements%20marins-1024x1024.png 1024w, https:\/\/boutique-carnac.fr\/wp-content\/uploads\/2023\/04\/1-V\u00eatements%20marins-300x300.png 300w, https:\/\/boutique-carnac.fr\/wp-content\/uploads\/2023\/04\/1-V\u00eatements%20marins-150x150.png 150w, https:\/\/boutique-carnac.fr\/wp-content\/uploads\/2023\/04\/1-V\u00eatements%20marins-768x768.png 768w, https:\/\/boutique-carnac.fr\/wp-content\/uploads\/2023\/04\/1-V\u00eatements%20marins-600x600.png 600w, https:\/\/boutique-carnac.fr\/wp-content\/uploads\/2023\/04\/1-V\u00eatements%20marins-1000x1000.png 1000w, https:\/\/boutique-carnac.fr\/wp-content\/uploads\/2023\/04\/1-V\u00eatements%20marins-100x100.png 100w, https:\/\/boutique-carnac.fr\/wp-content\/uploads\/2023\/04\/1-V\u00eatements%20marins.png 1080w\" sizes=\"auto, (max-width: 1024px) 100vw, 1024px\" \/><\/a><\/figure>\n<\/div>\n\n\n\n<div class=\"wp-block-column is-layout-flow wp-block-column-is-layout-flow\">\n<figure class=\"wp-block-image size-large\"><a href=\"https:\/\/boutique-carnac.fr\/index.php\/creations-artisanales-2\/\"><img loading=\"lazy\" decoding=\"async\" width=\"1024\" height=\"1024\" src=\"http:\/\/boutique-carnac.fr\/wp-content\/uploads\/2023\/04\/1-Cr\u00e9ations artisanales-1024x1024.png\" alt=\"Cr\u00e9ations artisanales\" class=\"wp-image-17327\" srcset=\"https:\/\/boutique-carnac.fr\/wp-content\/uploads\/2023\/04\/1-Cr\u00e9ations%20artisanales-1024x1024.png 1024w, https:\/\/boutique-carnac.fr\/wp-content\/uploads\/2023\/04\/1-Cr\u00e9ations%20artisanales-300x300.png 300w, https:\/\/boutique-carnac.fr\/wp-content\/uploads\/2023\/04\/1-Cr\u00e9ations%20artisanales-150x150.png 150w, https:\/\/boutique-carnac.fr\/wp-content\/uploads\/2023\/04\/1-Cr\u00e9ations%20artisanales-768x768.png 768w, https:\/\/boutique-carnac.fr\/wp-content\/uploads\/2023\/04\/1-Cr\u00e9ations%20artisanales-600x600.png 600w, https:\/\/boutique-carnac.fr\/wp-content\/uploads\/2023\/04\/1-Cr\u00e9ations%20artisanales-1000x1000.png 1000w, https:\/\/boutique-carnac.fr\/wp-content\/uploads\/2023\/04\/1-Cr\u00e9ations%20artisanales-100x100.png 100w, https:\/\/boutique-carnac.fr\/wp-content\/uploads\/2023\/04\/1-Cr\u00e9ations%20artisanales.png 1080w\" sizes=\"auto, (max-width: 1024px) 100vw, 1024px\" \/><\/a><\/figure>\n<\/div>\n\n\n\n<div class=\"wp-block-column is-layout-flow wp-block-column-is-layout-flow\">\n<figure class=\"wp-block-image size-large\"><a href=\"https:\/\/boutique-carnac.fr\/index.php\/idees-cadeaux\/\"><img loading=\"lazy\" decoding=\"async\" width=\"1024\" height=\"1024\" src=\"http:\/\/boutique-carnac.fr\/wp-content\/uploads\/2023\/04\/Souvenirs-1024x1024.png\" alt=\"Id\u00e9es Cadeaux Souvenirs\" class=\"wp-image-17213\" srcset=\"https:\/\/boutique-carnac.fr\/wp-content\/uploads\/2023\/04\/Souvenirs-1024x1024.png 1024w, https:\/\/boutique-carnac.fr\/wp-content\/uploads\/2023\/04\/Souvenirs-300x300.png 300w, https:\/\/boutique-carnac.fr\/wp-content\/uploads\/2023\/04\/Souvenirs-150x150.png 150w, https:\/\/boutique-carnac.fr\/wp-content\/uploads\/2023\/04\/Souvenirs-768x768.png 768w, https:\/\/boutique-carnac.fr\/wp-content\/uploads\/2023\/04\/Souvenirs-600x600.png 600w, https:\/\/boutique-carnac.fr\/wp-content\/uploads\/2023\/04\/Souvenirs-1000x1000.png 1000w, https:\/\/boutique-carnac.fr\/wp-content\/uploads\/2023\/04\/Souvenirs-100x100.png 100w, https:\/\/boutique-carnac.fr\/wp-content\/uploads\/2023\/04\/Souvenirs.png 1080w\" sizes=\"auto, (max-width: 1024px) 100vw, 1024px\" \/><\/a><\/figure>\n<\/div>\n<\/div>\n\n\n\n<div class=\"wp-block-spacer\" style=\"height: 100px;\" aria-hidden=\"true\">\u00a0<\/div>\n\n\n\n<h6 class=\"wp-block-heading has-text-align-center\"><em>Situ\u00e9 \u00e0 500m des Menhirs et alignements de Carnac, entrez dans le pays des f\u00e9es et des korrigans pour rencontrer une \u00e9quipe compl\u00e8tement \u00e0 l&rsquo;Ouest mais toujours \u00e0 la pointe. Des marini\u00e8res, classiques mais incontournables. Le cir\u00e9 jaune pour un total look ! Les jolies robes pour flaner sur la plage. Des cadeaux de naissance pour vos petits loulous. De la d\u00e9coration marine et des souvenirs de Carnac&#8230; Des peintures sur toiles et galets, de la cr\u00e9ation artisanale. Bref l&rsquo;univers de la mer nous inspire, n&rsquo;h\u00e9sitez pas \u00e0 venir le d\u00e9couvrir !<\/em><\/h6>\n\n\n\n<div class=\"wp-block-spacer\" style=\"height: 100px;\" aria-hidden=\"true\">\u00a0<\/div>\n\n\n\n<div class=\"wp-block-columns is-layout-flex wp-container-core-columns-is-layout-9d6595d7 wp-block-columns-is-layout-flex\">\n<div class=\"wp-block-column is-layout-flow wp-block-column-is-layout-flow\"><div class=\"wp-block-image\">\n<figure class=\"alignright size-full\"><img loading=\"lazy\" decoding=\"async\" width=\"436\" height=\"510\" src=\"http:\/\/boutique-carnac.fr\/wp-content\/uploads\/2023\/04\/2021-08-04.jpg\" alt=\"\" class=\"wp-image-17344\" srcset=\"https:\/\/boutique-carnac.fr\/wp-content\/uploads\/2023\/04\/2021-08-04.jpg 436w, https:\/\/boutique-carnac.fr\/wp-content\/uploads\/2023\/04\/2021-08-04-256x300.jpg 256w\" sizes=\"auto, (max-width: 436px) 100vw, 436px\" \/><\/figure>\n<\/div><\/div>\n\n\n\n<div class=\"wp-block-column is-vertically-aligned-center is-layout-flow wp-block-column-is-layout-flow\">\n<h4 class=\"wp-block-heading has-text-align-center\">Au pays des f\u00e9es et des korrigans, la boutique vous propose un large choix d\u2019articles en lien avec la Bretagne.<br>De quoi d\u00e9nicher de bonnes id\u00e9es pour (se) faire plaisir !<\/h4>\n\n\n\n<div class=\"wp-block-buttons is-content-justification-center is-layout-flex wp-container-core-buttons-is-layout-16018d1d wp-block-buttons-is-layout-flex\">\n<div class=\"wp-block-button\"><a class=\"wp-block-button__link has-text-align-center wp-element-button\" href=\"https:\/\/boutique-carnac.fr\/index.php\/idees-cadeaux\/\">Id\u00e9es Cadeaux<\/a><\/div>\n<\/div>\n<\/div>\n<\/div>\n\n\n\n<div class=\"wp-block-columns is-layout-flex wp-container-core-columns-is-layout-9d6595d7 wp-block-columns-is-layout-flex\">\n<div class=\"wp-block-column is-vertically-aligned-center is-layout-flow wp-block-column-is-layout-flow\">\n<h4 class=\"wp-block-heading has-text-align-center\">La boutique est ouverte toute l\u2019ann\u00e9e.<br>En juillet et ao\u00fbt, nous sommes ravies de vous recevoir tout au long de la semaine !<\/h4>\n\n\n\n<div class=\"wp-block-buttons is-content-justification-center is-layout-flex wp-container-core-buttons-is-layout-16018d1d wp-block-buttons-is-layout-flex\">\n<div class=\"wp-block-button\"><a class=\"wp-block-button__link has-text-align-center wp-element-button\" href=\"https:\/\/boutique-carnac.fr\/index.php\/contact\/\">Horaires<\/a><\/div>\n<\/div>\n<\/div>\n\n\n\n<div class=\"wp-block-column is-layout-flow wp-block-column-is-layout-flow\"><div class=\"wp-block-image\">\n<figure class=\"alignleft size-full\"><img loading=\"lazy\" decoding=\"async\" width=\"420\" height=\"510\" src=\"http:\/\/boutique-carnac.fr\/wp-content\/uploads\/2023\/04\/2021-08-04-12.jpg\" alt=\"\" class=\"wp-image-17345\" srcset=\"https:\/\/boutique-carnac.fr\/wp-content\/uploads\/2023\/04\/2021-08-04-12.jpg 420w, https:\/\/boutique-carnac.fr\/wp-content\/uploads\/2023\/04\/2021-08-04-12-247x300.jpg 247w\" sizes=\"auto, (max-width: 420px) 100vw, 420px\" \/><\/figure>\n<\/div><\/div>\n<\/div>\n","protected":false},"excerpt":{"rendered":"<p>Situ\u00e9 \u00e0 500m des Menhirs et alignements de Carnac, entrez dans le pays des f\u00e9es et des korrigans pour rencontrer une \u00e9quipe compl\u00e8tement \u00e0 l&rsquo;Ouest mais toujours \u00e0 la pointe. Des marini\u00e8res, classiques mais incontournables. Le cir\u00e9 jaune pour un total look ! Les jolies robes pour flaner sur la plage. Des cadeaux de naissance pour vos petits loulous. De la d\u00e9coration marine et des souvenirs de Carnac&#8230; Des peintures sur toiles et galets, de&#8230;<\/p>\n","protected":false},"author":1,"featured_media":0,"parent":0,"menu_order":0,"comment_status":"closed","ping_status":"closed","template":"","meta":{"footnotes":""},"class_list":["post-17636","page","type-page","status-publish","hentry"],"yoast_head":"<!-- This site is optimized with the Yoast SEO plugin v20.6 - https:\/\/yoast.com\/wordpress\/plugins\/seo\/ -->\n<title>Magasin \u00e0 Carnac<\/title>\n<meta name=\"description\" content=\"Magasin \u00e0 Carnac : d\u00e9coration, v\u00eatements, f\u00e9es et korrigans, gourmandises, souvenirs bretagne, cadeaux naissance, art de la table ...\" \/>\n<meta name=\"robots\" content=\"index, follow, max-snippet:-1, max-image-preview:large, max-video-preview:-1\" \/>\n<link rel=\"canonical\" href=\"https:\/\/boutique-carnac.fr\/\" \/>\n<meta property=\"og:locale\" content=\"fr_FR\" \/>\n<meta property=\"og:type\" content=\"article\" \/>\n<meta property=\"og:title\" content=\"Magasin \u00e0 Carnac\" \/>\n<meta property=\"og:description\" content=\"Magasin \u00e0 Carnac : d\u00e9coration, v\u00eatements, f\u00e9es et korrigans, gourmandises, souvenirs bretagne, cadeaux naissance, art de la table ...\" \/>\n<meta property=\"og:url\" content=\"https:\/\/boutique-carnac.fr\/\" \/>\n<meta property=\"og:site_name\" content=\"C\u00f4te &amp; D\u00e9co\" \/>\n<meta property=\"article:modified_time\" content=\"2023-06-01T15:26:48+00:00\" \/>\n<meta property=\"og:image\" content=\"http:\/\/boutique-carnac.fr\/wp-content\/uploads\/2023\/04\/Souvenirs-1024x1024.png\" \/>\n<meta name=\"twitter:card\" content=\"summary_large_image\" \/>\n<script type=\"application\/ld+json\" class=\"yoast-schema-graph\">{\"@context\":\"https:\/\/schema.org\",\"@graph\":[{\"@type\":\"WebPage\",\"@id\":\"https:\/\/boutique-carnac.fr\/\",\"url\":\"https:\/\/boutique-carnac.fr\/\",\"name\":\"Magasin \u00e0 Carnac\",\"isPartOf\":{\"@id\":\"https:\/\/boutique-carnac.fr\/#website\"},\"datePublished\":\"2023-06-01T10:28:35+00:00\",\"dateModified\":\"2023-06-01T15:26:48+00:00\",\"description\":\"Magasin \u00e0 Carnac : d\u00e9coration, v\u00eatements, f\u00e9es et korrigans, gourmandises, souvenirs bretagne, cadeaux naissance, art de la table ...\",\"breadcrumb\":{\"@id\":\"https:\/\/boutique-carnac.fr\/#breadcrumb\"},\"inLanguage\":\"fr-FR\",\"potentialAction\":[{\"@type\":\"ReadAction\",\"target\":[\"https:\/\/boutique-carnac.fr\/\"]}]},{\"@type\":\"BreadcrumbList\",\"@id\":\"https:\/\/boutique-carnac.fr\/#breadcrumb\",\"itemListElement\":[{\"@type\":\"ListItem\",\"position\":1,\"name\":\"Accueil\",\"item\":\"https:\/\/boutique-carnac.fr\/\"},{\"@type\":\"ListItem\",\"position\":2,\"name\":\"Magasin \u00e0 Carnac\"}]},{\"@type\":\"WebSite\",\"@id\":\"https:\/\/boutique-carnac.fr\/#website\",\"url\":\"https:\/\/boutique-carnac.fr\/\",\"name\":\"C\u00f4te et D\u00e9co\",\"description\":\"D\u00e9coration, Souvenirs, V\u00eatements-Marins - CARNAC\",\"potentialAction\":[{\"@type\":\"SearchAction\",\"target\":{\"@type\":\"EntryPoint\",\"urlTemplate\":\"https:\/\/boutique-carnac.fr\/?s={search_term_string}\"},\"query-input\":\"required name=search_term_string\"}],\"inLanguage\":\"fr-FR\"}]}<\/script>\n<!-- \/ Yoast SEO plugin. -->","yoast_head_json":{"title":"Magasin \u00e0 Carnac","description":"Magasin \u00e0 Carnac : d\u00e9coration, v\u00eatements, f\u00e9es et korrigans, gourmandises, souvenirs bretagne, cadeaux naissance, art de la table ...","robots":{"index":"index","follow":"follow","max-snippet":"max-snippet:-1","max-image-preview":"max-image-preview:large","max-video-preview":"max-video-preview:-1"},"canonical":"https:\/\/boutique-carnac.fr\/","og_locale":"fr_FR","og_type":"article","og_title":"Magasin \u00e0 Carnac","og_description":"Magasin \u00e0 Carnac : d\u00e9coration, v\u00eatements, f\u00e9es et korrigans, gourmandises, souvenirs bretagne, cadeaux naissance, art de la table ...","og_url":"https:\/\/boutique-carnac.fr\/","og_site_name":"C\u00f4te &amp; D\u00e9co","article_modified_time":"2023-06-01T15:26:48+00:00","og_image":[{"url":"http:\/\/boutique-carnac.fr\/wp-content\/uploads\/2023\/04\/Souvenirs-1024x1024.png"}],"twitter_card":"summary_large_image","schema":{"@context":"https:\/\/schema.org","@graph":[{"@type":"WebPage","@id":"https:\/\/boutique-carnac.fr\/","url":"https:\/\/boutique-carnac.fr\/","name":"Magasin \u00e0 Carnac","isPartOf":{"@id":"https:\/\/boutique-carnac.fr\/#website"},"datePublished":"2023-06-01T10:28:35+00:00","dateModified":"2023-06-01T15:26:48+00:00","description":"Magasin \u00e0 Carnac : d\u00e9coration, v\u00eatements, f\u00e9es et korrigans, gourmandises, souvenirs bretagne, cadeaux naissance, art de la table ...","breadcrumb":{"@id":"https:\/\/boutique-carnac.fr\/#breadcrumb"},"inLanguage":"fr-FR","potentialAction":[{"@type":"ReadAction","target":["https:\/\/boutique-carnac.fr\/"]}]},{"@type":"BreadcrumbList","@id":"https:\/\/boutique-carnac.fr\/#breadcrumb","itemListElement":[{"@type":"ListItem","position":1,"name":"Accueil","item":"https:\/\/boutique-carnac.fr\/"},{"@type":"ListItem","position":2,"name":"Magasin \u00e0 Carnac"}]},{"@type":"WebSite","@id":"https:\/\/boutique-carnac.fr\/#website","url":"https:\/\/boutique-carnac.fr\/","name":"C\u00f4te et D\u00e9co","description":"D\u00e9coration, Souvenirs, V\u00eatements-Marins - CARNAC","potentialAction":[{"@type":"SearchAction","target":{"@type":"EntryPoint","urlTemplate":"https:\/\/boutique-carnac.fr\/?s={search_term_string}"},"query-input":"required name=search_term_string"}],"inLanguage":"fr-FR"}]}},"_links":{"self":[{"href":"https:\/\/boutique-carnac.fr\/index.php\/wp-json\/wp\/v2\/pages\/17636","targetHints":{"allow":["GET"]}}],"collection":[{"href":"https:\/\/boutique-carnac.fr\/index.php\/wp-json\/wp\/v2\/pages"}],"about":[{"href":"https:\/\/boutique-carnac.fr\/index.php\/wp-json\/wp\/v2\/types\/page"}],"author":[{"embeddable":true,"href":"https:\/\/boutique-carnac.fr\/index.php\/wp-json\/wp\/v2\/users\/1"}],"replies":[{"embeddable":true,"href":"https:\/\/boutique-carnac.fr\/index.php\/wp-json\/wp\/v2\/comments?post=17636"}],"version-history":[{"count":33,"href":"https:\/\/boutique-carnac.fr\/index.php\/wp-json\/wp\/v2\/pages\/17636\/revisions"}],"predecessor-version":[{"id":17817,"href":"https:\/\/boutique-carnac.fr\/index.php\/wp-json\/wp\/v2\/pages\/17636\/revisions\/17817"}],"wp:attachment":[{"href":"https:\/\/boutique-carnac.fr\/index.php\/wp-json\/wp\/v2\/media?parent=17636"}],"curies":[{"name":"wp","href":"https:\/\/api.w.org\/{rel}","templated":true}]}}